{"id":61,"date":"2025-11-04T09:33:57","date_gmt":"2025-11-04T08:33:57","guid":{"rendered":"http:\/\/41.214.66.212\/\/?page_id=61"},"modified":"2026-05-04T15:15:16","modified_gmt":"2026-05-04T13:15:16","slug":"accueil","status":"publish","type":"page","link":"https:\/\/geodesie.sn\/","title":{"rendered":"Portail de la G\u00e9od\u00e9sie"},"content":{"rendered":"\n<div style=\"background-image:url(&apos;http:\/\/41.214.66.212\/wp-content\/uploads\/2025\/11\/cropped-TOUB_ANT_G-e1762260870576.jpg&apos;);background-size:cover;\" class=\"wp-block-group alignfull is-layout-constrained wp-block-group-is-layout-constrained has-background\">\n<div class=\"network-notice network-notice--incident\">\n  <div class=\"network-notice__header\">\n    <strong class=\"network-notice__title\">Notification r\u00e9seau<\/strong>\n    <!--<span class=\"network-notice__badge\">INCIDENT<\/span>-->\n    <span class=\"network-notice__badge_ok\">Op\u00e9rationnel<\/span>\n  <\/div>\n\n  <div class=\"network-notice__message\">\n    <p>Le r\u00e9seau est op\u00e9rationnel <\/p>\n\n<p>L&rsquo;\u00e9quipe SENCORS<\/p>\n    \n  <\/div>\n\n  <div class=\"network-notice__meta\">\n    <span>Derni\u00e8re mise \u00e0 jour : 04\/05\/2026 \u2013 12:02<\/span>\n  <\/div>\n<\/div>\n\n\n\n<div class=\"wp-block-cover alignfull is-light hestia-clear-top-padding has-small-font-size\"><span aria-hidden=\"true\" class=\"wp-block-cover__background has-ast-global-color-5-background-color has-background-dim-80 has-background-dim\"><\/span><div class=\"wp-block-cover__inner-container is-layout-flow wp-block-cover-is-layout-flow\">\n<h2 class=\"wp-block-heading has-text-align-center has-text-color\" style=\"color:#3c4858\">Les outils de la g\u00e9od\u00e9sie<\/h2>\n\n\n\n<div style=\"height:40px\" aria-hidden=\"true\" class=\"wp-block-spacer\"><\/div>\n\n\n\n<div class=\"wp-block-columns container is-layout-flex wp-container-core-columns-is-layout-28f84493 wp-block-columns-is-layout-flex\">\n<div class=\"wp-block-column is-layout-flow wp-block-column-is-layout-flow\">\n<figure class=\"wp-block-image aligncenter size-large is-resized\"><a href=\"http:\/\/geodesie.sn\/xyz\/\"><img loading=\"lazy\" decoding=\"async\" width=\"1024\" height=\"823\" src=\"https:\/\/geodesie.sn\/wp-content\/uploads\/2026\/03\/Capture-decran-2026-03-16-211652-1024x823.png\" alt=\"\" class=\"wp-image-277\" style=\"aspect-ratio:1.2442457124668502;width:98px;height:auto\" srcset=\"https:\/\/geodesie.sn\/wp-content\/uploads\/2026\/03\/Capture-decran-2026-03-16-211652-1024x823.png 1024w, https:\/\/geodesie.sn\/wp-content\/uploads\/2026\/03\/Capture-decran-2026-03-16-211652-300x241.png 300w, https:\/\/geodesie.sn\/wp-content\/uploads\/2026\/03\/Capture-decran-2026-03-16-211652-768x617.png 768w, https:\/\/geodesie.sn\/wp-content\/uploads\/2026\/03\/Capture-decran-2026-03-16-211652.png 1188w\" sizes=\"auto, (max-width: 1024px) 100vw, 1024px\" \/><\/a><\/figure>\n\n\n\n<h5 class=\"wp-block-heading has-text-align-center has-text-color\" style=\"color:#3c4858;font-size:18px\"><a href=\"https:\/\/geodesie.sn\/xyz\/index.php\/view\/map?repository=sndemo&amp;project=Portail_demo\">Portail Carto Geodesie<\/a><\/h5>\n\n\n\n<p class=\"has-text-align-center has-text-color\" style=\"color:#999999;font-size:14px\">Portail cartographique de la g\u00e9od\u00e9sie s\u00e9n\u00e9galaise<\/p>\n\n\n\n<div style=\"height:25px\" aria-hidden=\"true\" class=\"wp-block-spacer\"><\/div>\n<\/div>\n\n\n\n<div class=\"wp-block-column is-layout-flow wp-block-column-is-layout-flow\">\n<figure class=\"wp-block-image aligncenter size-full is-resized\"><a href=\"https:\/\/geodesie.sn\/sbc\/\"><img loading=\"lazy\" decoding=\"async\" width=\"398\" height=\"395\" src=\"https:\/\/geodesie.sn\/wp-content\/uploads\/2026\/03\/Spider-Business-Centre_icon_800x428_2.png\" alt=\"\" class=\"wp-image-272\" style=\"aspect-ratio:1.0075685830774472;width:77px;height:auto\" srcset=\"https:\/\/geodesie.sn\/wp-content\/uploads\/2026\/03\/Spider-Business-Centre_icon_800x428_2.png 398w, https:\/\/geodesie.sn\/wp-content\/uploads\/2026\/03\/Spider-Business-Centre_icon_800x428_2-300x298.png 300w, https:\/\/geodesie.sn\/wp-content\/uploads\/2026\/03\/Spider-Business-Centre_icon_800x428_2-150x150.png 150w\" sizes=\"auto, (max-width: 398px) 100vw, 398px\" \/><\/a><\/figure>\n\n\n\n<h5 class=\"wp-block-heading has-text-align-center has-text-color\" style=\"color:#3c4858;font-size:18px\"><a href=\"https:\/\/geodesie.sn\/sbc\/\">Portail Leica<\/a><\/h5>\n\n\n\n<p class=\"has-text-align-center has-text-color\" style=\"color:#999999;font-size:14px\">Portail LEICA des stations CORS s\u00e9n\u00e9galaises <\/p>\n\n\n\n<div style=\"height:25px\" aria-hidden=\"true\" class=\"wp-block-spacer\"><\/div>\n<\/div>\n\n\n\n<div class=\"wp-block-column is-layout-flow wp-block-column-is-layout-flow\">\n<figure class=\"wp-block-image aligncenter size-full is-resized\"><img loading=\"lazy\" decoding=\"async\" width=\"714\" height=\"585\" src=\"https:\/\/geodesie.sn\/wp-content\/uploads\/2026\/04\/LogoPortailRinex.png\" alt=\"\" class=\"wp-image-292\" style=\"aspect-ratio:1.220536756126021;width:110px;height:auto\" srcset=\"https:\/\/geodesie.sn\/wp-content\/uploads\/2026\/04\/LogoPortailRinex.png 714w, https:\/\/geodesie.sn\/wp-content\/uploads\/2026\/04\/LogoPortailRinex-300x246.png 300w\" sizes=\"auto, (max-width: 714px) 100vw, 714px\" \/><\/figure>\n\n\n\n<h5 class=\"wp-block-heading has-text-align-center has-text-color\" style=\"color:#3c4858;font-size:18px\"><a href=\"https:\/\/geodesie.sn\/xyz\/cdc\" data-type=\"link\" data-id=\"https:\/\/geodesie.sn\/xyz\/cdc\">Portail Rinex<\/a><\/h5>\n\n\n\n<p class=\"has-text-align-center has-text-color\" style=\"color:#999999;font-size:14px\">Portail de t\u00e9l\u00e9chargement de fichiers rinex et de gestion des incidents<\/p>\n<\/div>\n\n\n\n<div class=\"wp-block-column is-layout-flow wp-block-column-is-layout-flow\">\n<figure class=\"wp-block-image aligncenter size-large is-resized\"><a href=\"https:\/\/geodesie.sn\/\"><img decoding=\"async\" src=\"http:\/\/41.214.66.212\/\/wp-content\/themes\/hestia\/assets\/img\/feat3.png\" alt=\"\" class=\"wp-image-72\" style=\"width:82px;height:auto\"\/><\/a><\/figure>\n\n\n\n<h5 class=\"wp-block-heading has-text-align-center has-text-color\" style=\"color:#3c4858;font-size:18px\">Circe WEB<\/h5>\n\n\n\n<p class=\"has-text-align-center has-text-color\" style=\"color:#999999;font-size:14px\">Outils en ligne de transformation de coordonn\u00e9es<\/p>\n\n\n\n<div style=\"height:25px\" aria-hidden=\"true\" class=\"wp-block-spacer\"><\/div>\n<\/div>\n<\/div>\n\n\n\n<div style=\"height:40px\" aria-hidden=\"true\" class=\"wp-block-spacer\"><\/div>\n<\/div><\/div>\n<\/div>\n\n\n\n<div class=\"wp-block-columns container is-layout-flex wp-container-core-columns-is-layout-28f84493 wp-block-columns-is-layout-flex\">\n<div class=\"wp-block-column col-md-5 is-layout-flow wp-block-column-is-layout-flow\">\n<div style=\"height:55px\" aria-hidden=\"true\" class=\"wp-block-spacer\"><\/div>\n\n\n\n<h2 class=\"wp-block-heading\">A la une<\/h2>\n\n\n\n<div class=\"wp-block-query is-layout-flow wp-block-query-is-layout-flow\"><ul class=\"wp-block-post-template is-layout-flow wp-block-post-template-is-layout-flow\"><li class=\"wp-block-post post-256 post type-post status-publish format-standard has-post-thumbnail hentry category-non-classe\">\n\n<div class=\"wp-block-columns are-vertically-aligned-center is-layout-flex wp-container-core-columns-is-layout-28f84493 wp-block-columns-is-layout-flex\">\n<div class=\"wp-block-column is-vertically-aligned-center is-layout-flow wp-block-column-is-layout-flow\" style=\"flex-basis:25%\"><figure class=\"wp-block-post-featured-image\"><a href=\"https:\/\/geodesie.sn\/?p=256\" target=\"_self\"  ><img loading=\"lazy\" decoding=\"async\" width=\"654\" height=\"472\" src=\"https:\/\/geodesie.sn\/wp-content\/uploads\/2026\/03\/Capture-decran-2026-03-16-173336.png\" class=\"attachment-post-thumbnail size-post-thumbnail wp-post-image\" alt=\"SENCORS est de retour !\" style=\"object-fit:cover;\" srcset=\"https:\/\/geodesie.sn\/wp-content\/uploads\/2026\/03\/Capture-decran-2026-03-16-173336.png 654w, https:\/\/geodesie.sn\/wp-content\/uploads\/2026\/03\/Capture-decran-2026-03-16-173336-300x217.png 300w\" sizes=\"auto, (max-width: 654px) 100vw, 654px\" \/><\/a><\/figure><\/div>\n\n\n\n<div class=\"wp-block-column is-vertically-aligned-center is-layout-flow wp-block-column-is-layout-flow\" style=\"flex-basis:75%\"><h2 class=\"wp-block-post-title\"><a href=\"https:\/\/geodesie.sn\/?p=256\" target=\"_self\" >SENCORS est de retour !<\/a><\/h2><\/div>\n<\/div>\n\n<\/li><\/ul><\/div>\n<\/div>\n\n\n\n<div class=\"wp-block-column col-md-6 col-md-offset1 is-layout-flow wp-block-column-is-layout-flow\">\n<div style=\"height:55px\" aria-hidden=\"true\" class=\"wp-block-spacer\"><\/div>\n<\/div>\n<\/div>\n\n\n\n<hr class=\"wp-block-separator has-alpha-channel-opacity\"\/>\n\n\n\n<h2 class=\"wp-block-heading\">Galerie<\/h2>\n\n\n\n<div class=\"alignnormal\"><div id=\"metaslider-id-102\" style=\"width: 100%; margin: 0 auto;\" class=\"ml-slider-3-103-0 metaslider metaslider-flex metaslider-102 ml-slider has-dots-nav has-carousel-mode ms-theme-default-base\" role=\"region\" aria-label=\"SENCORS\" data-height=\"400\" data-width=\"400\">\n    <div id=\"metaslider_container_102\">\n        <div id=\"metaslider_102\">\n            <ul aria-live='off' class='slides'>\n                <li style=\"display: none; width: 100%;\" class=\"slide-111 ms-image \" aria-roledescription=\"slide\" data-date=\"2025-11-04 16:31:59\" data-slide-type=\"image\"><img loading=\"lazy\" decoding=\"async\" src=\"https:\/\/geodesie.sn\/wp-content\/uploads\/2025\/11\/cropped-TOUB_ANT_G-e1762260870576-400x400.jpg\" height=\"400\" width=\"400\" alt=\"TOUB CORS\" class=\"slider-102 slide-111 msDefaultImage\" title=\"cropped-TOUB_ANT_G2.jpg\" \/><\/li>\n                <li style=\"display: none; width: 100%;\" class=\"slide-112 ms-image \" aria-roledescription=\"slide\" data-date=\"2025-11-04 16:31:59\" data-slide-type=\"image\"><img loading=\"lazy\" decoding=\"async\" src=\"https:\/\/geodesie.sn\/wp-content\/uploads\/2025\/11\/TOUB_ANT_G-400x400.jpg\" height=\"400\" width=\"400\" alt=\"\" class=\"slider-102 slide-112 msDefaultImage\" title=\"TOUB_ANT_G\" \/><\/li>\n                <li style=\"display: none; width: 100%;\" class=\"slide-113 ms-image \" aria-roledescription=\"slide\" data-date=\"2025-11-04 16:31:59\" data-slide-type=\"image\"><img loading=\"lazy\" decoding=\"async\" src=\"https:\/\/geodesie.sn\/wp-content\/uploads\/2025\/11\/Station-CORS-de-Linguere-installee-scaled-400x400.jpg\" height=\"400\" width=\"400\" alt=\"\" class=\"slider-102 slide-113 msDefaultImage\" title=\"Station CORS de Lingu\u00e8re install\u00e9e\" \/><\/li>\n                <li style=\"display: none; width: 100%;\" class=\"slide-114 ms-image \" aria-roledescription=\"slide\" data-date=\"2025-11-04 16:31:59\" data-slide-type=\"image\"><img loading=\"lazy\" decoding=\"async\" src=\"https:\/\/geodesie.sn\/wp-content\/uploads\/2025\/11\/Station-CORS-de-Kedougou-400x400.jpg\" height=\"400\" width=\"400\" alt=\"\" class=\"slider-102 slide-114 msDefaultImage\" title=\"Station CORS de K\u00e9dougou\" \/><\/li>\n                <li style=\"display: none; width: 100%;\" class=\"slide-115 ms-image \" aria-roledescription=\"slide\" data-date=\"2025-11-04 16:31:59\" data-slide-type=\"image\"><img loading=\"lazy\" decoding=\"async\" src=\"https:\/\/geodesie.sn\/wp-content\/uploads\/2025\/11\/Station-CORS-de-Bambey-scaled-400x400.jpg\" height=\"400\" width=\"400\" alt=\"\" class=\"slider-102 slide-115 msDefaultImage\" title=\"Station CORS de Bambey\" \/><\/li>\n                <li style=\"display: none; width: 100%;\" class=\"slide-116 ms-image \" aria-roledescription=\"slide\" data-date=\"2025-11-04 16:31:59\" data-slide-type=\"image\"><img loading=\"lazy\" decoding=\"async\" src=\"https:\/\/geodesie.sn\/wp-content\/uploads\/2025\/11\/Prise-de-vue-devant-la-Station-CORS-de-Touba-scaled-400x400.jpg\" height=\"400\" width=\"400\" alt=\"\" class=\"slider-102 slide-116 msDefaultImage\" title=\"Prise de vue devant la Station CORS de Touba\" \/><\/li>\n                <li style=\"display: none; width: 100%;\" class=\"slide-117 ms-image \" aria-roledescription=\"slide\" data-date=\"2025-11-04 16:31:59\" data-slide-type=\"image\"><img loading=\"lazy\" decoding=\"async\" src=\"https:\/\/geodesie.sn\/wp-content\/uploads\/2025\/11\/Prise-de-vue-de-la-station-CORS-de-Matam-400x400.jpg\" height=\"400\" width=\"400\" alt=\"\" class=\"slider-102 slide-117 msDefaultImage\" title=\"Prise de vue de la station CORS de Matam\" \/><\/li>\n                <li style=\"display: none; width: 100%;\" class=\"slide-118 ms-image \" aria-roledescription=\"slide\" data-date=\"2025-11-04 16:31:59\" data-slide-type=\"image\"><img loading=\"lazy\" decoding=\"async\" src=\"https:\/\/geodesie.sn\/wp-content\/uploads\/2025\/11\/premiere-partie-du-mat-leclerc-installe-CORS-de-Tambacounda-scaled-400x400.jpg\" height=\"400\" width=\"400\" alt=\"\" class=\"slider-102 slide-118 msDefaultImage\" title=\"premi\u00e8re partie du m\u00e2t leclerc install\u00e9 CORS de Tambacounda\" \/><\/li>\n                <li style=\"display: none; width: 100%;\" class=\"slide-119 ms-image \" aria-roledescription=\"slide\" data-date=\"2025-11-04 16:31:59\" data-slide-type=\"image\"><img loading=\"lazy\" decoding=\"async\" src=\"https:\/\/geodesie.sn\/wp-content\/uploads\/2025\/11\/Passage-des-cables-radio-et-modem-sur-le-toit-de-labris--scaled-400x400.jpg\" height=\"400\" width=\"400\" alt=\"\" class=\"slider-102 slide-119 msDefaultImage\" title=\"Passage des c\u00e2bles radio et modem sur le toit de l&#039;abris\" \/><\/li>\n                <li style=\"display: none; width: 100%;\" class=\"slide-120 ms-image \" aria-roledescription=\"slide\" data-date=\"2025-11-04 16:31:59\" data-slide-type=\"image\"><img loading=\"lazy\" decoding=\"async\" src=\"https:\/\/geodesie.sn\/wp-content\/uploads\/2025\/11\/Mairie-de-Ndioum-400x400.jpg\" height=\"400\" width=\"400\" alt=\"\" class=\"slider-102 slide-120 msDefaultImage\" title=\"Mairie de Ndioum\" \/><\/li>\n                <li style=\"display: none; width: 100%;\" class=\"slide-121 ms-image \" aria-roledescription=\"slide\" data-date=\"2025-11-04 16:31:59\" data-slide-type=\"image\"><img loading=\"lazy\" decoding=\"async\" src=\"https:\/\/geodesie.sn\/wp-content\/uploads\/2025\/11\/Installation-du-panneau-solaire-Station-CORS-de-Tambacounda-scaled-400x400.jpg\" height=\"400\" width=\"400\" alt=\"\" class=\"slider-102 slide-121 msDefaultImage\" title=\"Installation du panneau solaire Station CORS de Tambacounda\" \/><\/li>\n                <li style=\"display: none; width: 100%;\" class=\"slide-122 ms-image \" aria-roledescription=\"slide\" data-date=\"2025-11-04 16:31:59\" data-slide-type=\"image\"><img loading=\"lazy\" decoding=\"async\" src=\"https:\/\/geodesie.sn\/wp-content\/uploads\/2025\/11\/Installation-du-mat-leclerc-de-la-Station-CORS-de-Tambacounda-scaled-400x400.jpg\" height=\"400\" width=\"400\" alt=\"\" class=\"slider-102 slide-122 msDefaultImage\" title=\"Installation du m\u00e2t leclerc de la Station CORS de Tambacounda\" \/><\/li>\n                <li style=\"display: none; width: 100%;\" class=\"slide-123 ms-image \" aria-roledescription=\"slide\" data-date=\"2025-11-04 16:31:59\" data-slide-type=\"image\"><img loading=\"lazy\" decoding=\"async\" src=\"https:\/\/geodesie.sn\/wp-content\/uploads\/2025\/11\/Installation-de-lantenne-GNSS-CORS-de-Tambacounda-scaled-400x400.jpg\" height=\"400\" width=\"400\" alt=\"\" class=\"slider-102 slide-123 msDefaultImage\" title=\"Installation de l&#039;antenne GNSS CORS de Tambacounda\" \/><\/li>\n                <li style=\"display: none; width: 100%;\" class=\"slide-124 ms-image \" aria-roledescription=\"slide\" data-date=\"2025-11-04 16:31:59\" data-slide-type=\"image\"><img loading=\"lazy\" decoding=\"async\" src=\"https:\/\/geodesie.sn\/wp-content\/uploads\/2025\/11\/Installation-de-la-Station-CORS-de-Touba-mise-a-niveau-du-seco-scaled-400x400.jpg\" height=\"400\" width=\"400\" alt=\"\" class=\"slider-102 slide-124 msDefaultImage\" title=\"Installation de la Station CORS de Touba mise \u00e0 niveau du s\u00e9co\" \/><\/li>\n                <li style=\"display: none; width: 100%;\" class=\"slide-125 ms-image \" aria-roledescription=\"slide\" data-date=\"2025-11-04 16:31:59\" data-slide-type=\"image\"><img loading=\"lazy\" decoding=\"async\" src=\"https:\/\/geodesie.sn\/wp-content\/uploads\/2025\/11\/Installation-de-la-Station-CORS-de-Tambacounda-scaled-400x400.jpg\" height=\"400\" width=\"400\" alt=\"\" class=\"slider-102 slide-125 msDefaultImage\" title=\"Installation de la Station CORS de Tambacounda\" \/><\/li>\n                <li style=\"display: none; width: 100%;\" class=\"slide-126 ms-image \" aria-roledescription=\"slide\" data-date=\"2025-11-04 16:31:59\" data-slide-type=\"image\"><img loading=\"lazy\" decoding=\"async\" src=\"https:\/\/geodesie.sn\/wp-content\/uploads\/2025\/11\/Installation-de-la-Station-CORS-de-Linguere-en-cours-scaled-400x400.jpg\" height=\"400\" width=\"400\" alt=\"\" class=\"slider-102 slide-126 msDefaultImage\" title=\"Installation de la Station CORS de Lingu\u00e8re en cours\" \/><\/li>\n                <li style=\"display: none; width: 100%;\" class=\"slide-127 ms-image \" aria-roledescription=\"slide\" data-date=\"2025-11-04 16:31:59\" data-slide-type=\"image\"><img loading=\"lazy\" decoding=\"async\" src=\"https:\/\/geodesie.sn\/wp-content\/uploads\/2025\/11\/Installation-antenne-Radio-de-la-Station-CORS-de-Tambacounda-scaled-400x400.jpg\" height=\"400\" width=\"400\" alt=\"\" class=\"slider-102 slide-127 msDefaultImage\" title=\"Installation antenne Radio de la Station CORS de Tambacounda\" \/><\/li>\n                <li style=\"display: none; width: 100%;\" class=\"slide-128 ms-image \" aria-roledescription=\"slide\" data-date=\"2025-11-04 16:31:59\" data-slide-type=\"image\"><img loading=\"lazy\" decoding=\"async\" src=\"https:\/\/geodesie.sn\/wp-content\/uploads\/2025\/11\/Fin-des-Installation-pour-la-Station-COORS-de-Tambacounda-400x400.jpg\" height=\"400\" width=\"400\" alt=\"\" class=\"slider-102 slide-128 msDefaultImage\" title=\"Fin des Installation pour la Station COORS de Tambacounda\" \/><\/li>\n                <li style=\"display: none; width: 100%;\" class=\"slide-129 ms-image \" aria-roledescription=\"slide\" data-date=\"2025-11-04 16:31:59\" data-slide-type=\"image\"><img loading=\"lazy\" decoding=\"async\" src=\"https:\/\/geodesie.sn\/wp-content\/uploads\/2025\/11\/Fin-de-lInstallation-de-la-Station-CORS-de-Touba-scaled-400x400.jpg\" height=\"400\" width=\"400\" alt=\"\" class=\"slider-102 slide-129 msDefaultImage\" title=\"Fin de l&#039;Installation de la Station CORS de Touba\" \/><\/li>\n                <li style=\"display: none; width: 100%;\" class=\"slide-130 ms-image \" aria-roledescription=\"slide\" data-date=\"2025-11-04 16:31:59\" data-slide-type=\"image\"><img loading=\"lazy\" decoding=\"async\" src=\"https:\/\/geodesie.sn\/wp-content\/uploads\/2025\/11\/Deploiement-du-materiel-pour-installation-de-la-Station-CORS-de-Tambacouda-1-scaled-400x400.jpg\" height=\"400\" width=\"400\" alt=\"\" class=\"slider-102 slide-130 msDefaultImage\" title=\"D\u00e9ploiement du materi\u00e9l pour installation de la Station CORS de Tambacouda\" \/><\/li>\n                <li style=\"display: none; width: 100%;\" class=\"slide-131 ms-image \" aria-roledescription=\"slide\" data-date=\"2025-11-04 16:31:59\" data-slide-type=\"image\"><img loading=\"lazy\" decoding=\"async\" src=\"https:\/\/geodesie.sn\/wp-content\/uploads\/2025\/11\/Borne-Universite-de-Thies-en-Observation-scaled-400x400.jpg\" height=\"400\" width=\"400\" alt=\"\" class=\"slider-102 slide-131 msDefaultImage\" title=\"Borne Universit\u00e9 de Thi\u00e9s en Observation\" \/><\/li>\n                <li style=\"display: none; width: 100%;\" class=\"slide-132 ms-image \" aria-roledescription=\"slide\" data-date=\"2025-11-04 16:31:59\" data-slide-type=\"image\"><img loading=\"lazy\" decoding=\"async\" src=\"https:\/\/geodesie.sn\/wp-content\/uploads\/2025\/11\/2_Anat-seance-de-formation-pour-les-Observation-GNSS-scaled-400x400.jpg\" height=\"400\" width=\"400\" alt=\"\" class=\"slider-102 slide-132 msDefaultImage\" title=\"2_Anat s\u00e9ance de formation pour les Observation GNSS\" \/><\/li>\n                <li style=\"display: none; width: 100%;\" class=\"slide-133 ms-image \" aria-roledescription=\"slide\" data-date=\"2025-11-04 16:31:59\" data-slide-type=\"image\"><img loading=\"lazy\" decoding=\"async\" src=\"https:\/\/geodesie.sn\/wp-content\/uploads\/2025\/11\/1_Anat-seance-de-formation-pour-les-Observation-GNSS3-1-scaled-400x400.jpg\" height=\"400\" width=\"400\" alt=\"\" class=\"slider-102 slide-133 msDefaultImage\" title=\"1_Anat s\u00e9ance de formation pour les Observation GNSS3\" \/><\/li>\n            <\/ul>\n        <\/div>\n        \n    <\/div>\n<\/div><\/div>\n","protected":false},"excerpt":{"rendered":"<p>Notification r\u00e9seau Op\u00e9rationnel Le r\u00e9seau est op\u00e9rationnel L&rsquo;\u00e9quipe SENCORS Derni\u00e8re mise \u00e0 jour : 04\/05\/2026 \u2013 12:02 A la une [&hellip;]<\/p>\n","protected":false},"author":1,"featured_media":0,"parent":0,"menu_order":0,"comment_status":"closed","ping_status":"closed","template":"","meta":{"site-sidebar-layout":"default","site-content-layout":"","ast-site-content-layout":"default","site-content-style":"default","site-sidebar-style":"default","ast-global-header-display":"","ast-banner-title-visibility":"","ast-main-header-display":"","ast-hfb-above-header-display":"","ast-hfb-below-header-display":"","ast-hfb-mobile-header-display":"","site-post-title":"","ast-breadcrumbs-content":"","ast-featured-img":"","footer-sml-layout":"","ast-disable-related-posts":"","theme-transparent-header-meta":"","adv-header-id-meta":"","stick-header-meta":"","header-above-stick-meta":"","header-main-stick-meta":"","header-below-stick-meta":"","astra-migrate-meta-layouts":"default","ast-page-background-enabled":"default","ast-page-background-meta":{"desktop":{"background-color":"var(--ast-global-color-5)","background-image":"","background-repeat":"repeat","background-position":"center center","background-size":"auto","background-attachment":"scroll","background-type":"","background-media":"","overlay-type":"","overlay-color":"","overlay-opacity":"","overlay-gradient":""},"tablet":{"background-color":"","background-image":"","background-repeat":"repeat","background-position":"center center","background-size":"auto","background-attachment":"scroll","background-type":"","background-media":"","overlay-type":"","overlay-color":"","overlay-opacity":"","overlay-gradient":""},"mobile":{"background-color":"","background-image":"","background-repeat":"repeat","background-position":"center center","background-size":"auto","background-attachment":"scroll","background-type":"","background-media":"","overlay-type":"","overlay-color":"","overlay-opacity":"","overlay-gradient":""}},"ast-content-background-meta":{"desktop":{"background-color":"var(--ast-global-color-4)","background-image":"","background-repeat":"repeat","background-position":"center center","background-size":"auto","background-attachment":"scroll","background-type":"","background-media":"","overlay-type":"","overlay-color":"","overlay-opacity":"","overlay-gradient":""},"tablet":{"background-color":"var(--ast-global-color-4)","background-image":"","background-repeat":"repeat","background-position":"center center","background-size":"auto","background-attachment":"scroll","background-type":"","background-media":"","overlay-type":"","overlay-color":"","overlay-opacity":"","overlay-gradient":""},"mobile":{"background-color":"var(--ast-global-color-4)","background-image":"","background-repeat":"repeat","background-position":"center center","background-size":"auto","background-attachment":"scroll","background-type":"","background-media":"","overlay-type":"","overlay-color":"","overlay-opacity":"","overlay-gradient":""}},"footnotes":""},"class_list":["post-61","page","type-page","status-publish","hentry"],"_links":{"self":[{"href":"https:\/\/geodesie.sn\/index.php?rest_route=\/wp\/v2\/pages\/61","targetHints":{"allow":["GET"]}}],"collection":[{"href":"https:\/\/geodesie.sn\/index.php?rest_route=\/wp\/v2\/pages"}],"about":[{"href":"https:\/\/geodesie.sn\/index.php?rest_route=\/wp\/v2\/types\/page"}],"author":[{"embeddable":true,"href":"https:\/\/geodesie.sn\/index.php?rest_route=\/wp\/v2\/users\/1"}],"replies":[{"embeddable":true,"href":"https:\/\/geodesie.sn\/index.php?rest_route=%2Fwp%2Fv2%2Fcomments&post=61"}],"version-history":[{"count":48,"href":"https:\/\/geodesie.sn\/index.php?rest_route=\/wp\/v2\/pages\/61\/revisions"}],"predecessor-version":[{"id":309,"href":"https:\/\/geodesie.sn\/index.php?rest_route=\/wp\/v2\/pages\/61\/revisions\/309"}],"wp:attachment":[{"href":"https:\/\/geodesie.sn\/index.php?rest_route=%2Fwp%2Fv2%2Fmedia&parent=61"}],"curies":[{"name":"wp","href":"https:\/\/api.w.org\/{rel}","templated":true}]}}